{"id":1376,"date":"2022-09-17T19:57:31","date_gmt":"2022-09-17T17:57:31","guid":{"rendered":"https:\/\/www.neolithique2point0.com\/?post_type=product&#038;p=1376"},"modified":"2023-10-05T17:37:32","modified_gmt":"2023-10-05T15:37:32","slug":"just-because","status":"publish","type":"product","link":"https:\/\/www.neolithique2point0.com\/?product=just-because","title":{"rendered":"Caisse de Just Because"},"content":{"rendered":"<p>Une double IPA blonde trouble avec des aromes de zestes d&#8217;orange, des fruits \u00e0 p\u00e9pins, mangue et levure de pain. Les houblons Colombus, Simcoe et Centennial donnent des notes de fruits \u00e0 chaque gorg\u00e9e.<\/p>\n<p>Une caisse de 8 cannettes de 44cls<\/p>\n<p>Eau, orge malt\u00e9, houblon et levure<\/p>\n<ul>\n<li>avec des dates de pr\u00e9f\u00e9rence d\u00e9pass\u00e9es mais encore en \u00e9tat parfait, \u00e0 consommer dans les 2 ou 3 mois<\/li>\n<\/ul>\n","protected":false},"excerpt":{"rendered":"<p>Une double IPA blonde trouble avec des aromes de zestes d&#8217;orange, des fruits \u00e0 p\u00e9pins, mangue et levure de pain. Les houblons Colombus, Simcoe et Centennial donnent des notes de fruits \u00e0 chaque gorg\u00e9e. Une caisse de 8 cannettes de 44cls Eau, orge malt\u00e9, houblon et levure avec des dates de pr\u00e9f\u00e9rence d\u00e9pass\u00e9es mais encore [&hellip;]<\/p>\n","protected":false},"featured_media":1377,"template":"","meta":[],"product_cat":[29],"product_tag":[],"jetpack_sharing_enabled":true,"_links":{"self":[{"href":"https:\/\/www.neolithique2point0.com\/index.php?rest_route=\/wp\/v2\/product\/1376"}],"collection":[{"href":"https:\/\/www.neolithique2point0.com\/index.php?rest_route=\/wp\/v2\/product"}],"about":[{"href":"https:\/\/www.neolithique2point0.com\/index.php?rest_route=\/wp\/v2\/types\/product"}],"wp:featuredmedia":[{"embeddable":true,"href":"https:\/\/www.neolithique2point0.com\/index.php?rest_route=\/wp\/v2\/media\/1377"}],"wp:attachment":[{"href":"https:\/\/www.neolithique2point0.com\/index.php?rest_route=%2Fwp%2Fv2%2Fmedia&parent=1376"}],"wp:term":[{"taxonomy":"product_cat","embeddable":true,"href":"https:\/\/www.neolithique2point0.com\/index.php?rest_route=%2Fwp%2Fv2%2Fproduct_cat&post=1376"},{"taxonomy":"product_tag","embeddable":true,"href":"https:\/\/www.neolithique2point0.com\/index.php?rest_route=%2Fwp%2Fv2%2Fproduct_tag&post=1376"}],"curies":[{"name":"wp","href":"https:\/\/api.w.org\/{rel}","templated":true}]}}